se
Suppose -5598 = -4*g - 1730. Is g composite?
False
Suppose 3*j = -5*u + 6 - 0, -3*j + 36 = -5*u. Is (4 - j)/(1/(-37)) a prime number?
False
Let l = 27 + -16. Suppose 0 = 4*g - 5*u - 82 - 25, 0 = g + 4*u - l. Is g a prime number?
True
Let m = 15 - -44. Is m a composite number?
False
Suppose -4*t + 2*t - 6 = 0. Is ((-557)/t)/((-4)/(-12)) a prime number?
True
Let h(s) = 66*s**3 - 2*s**2 + 1. Let u be h(-1). Suppose 2*r - 124 - 104 = 0. Let q = r + u. Is q composite?
False
Let k(v) = v - 1. Suppose -12 = 4*b + 12. Let g(h) = -19*h + 13. Let q(d) = b*k(d) - g(d). Is q(12) composite?
False
Suppose -3*u + 4*u = b - 1, b - 10 = -2*u. Suppose -89 = -u*d + 202. Is d composite?
False
Let c(z) = z**2 + 18*z - 3. Let q be c(-11). Let p = q + 207. Is p composite?
False
Is 87/232 - (-32842)/16 prime?
True
Suppose u - 2*h + 11 = 6*u, 4*h = u + 11. Let r be -2*(u + (-3)/6). Let n(d) = -26*d. Is n(r) prime?
False
Suppose 5*z + 29 = -2*u, 4*u - z + 1 = u. Let v be 52/14 - u/7. Let m = 89 + v. Is m composite?
True
Suppose 3*j - 587 = 82. Is j prime?
True
Suppose -3*d = 4*x - 356, 2*d - 356 = -4*x - 0*d. Is x prime?
True
Let p = 22 - 17. Suppose -p*w + 1948 = -w. Is w composite?
False
Suppose 0*u - 3*u - 5*r + 20 = 0, 4*u + 8 = 2*r. Suppose u = 3*d + 4*t - 439, -749 = -9*d + 4*d + 2*t. Is d prime?
True
Let a = 64 + -39. Let s = -6 + a. Is s a composite number?
False
Suppose -3*d + 3 = -0*d. Let c = 1 + d. Suppose -2*t + 15 = -g + 2*g, -c*g + 18 = t. Is g a prime number?
True
Let u = 21 - 16. Suppose b + 204 = u*b. Is b prime?
False
Let k(q) = 377*q + 2. Let i be k(2). Suppose 4*u - 915 = -u + 5*c, 4*u = -2*c + i. Is u composite?
True
Let h = -171 - -250. Is h a prime number?
True
Suppose -5*o + 60 = -10. Let k = -23 - -25. Suppose -4*b + o = -k*b. Is b composite?
False
Let g be 108/(-14) - 4/14. Let u be (-163)/(-7) - g/(-28). Suppose 4*l = -f + u, -152 = -3*f + l - 31. Is f a prime number?
False
Let k = 78 - 53. Is k a prime number?
False
Let h be (-6)/(-42) + 20/7. Suppose l - h*l = -130. Is l a composite number?
True
Let g(z) be the first derivative of -z**4/2 + z**3 + 2*z**2 - 3*z + 2. Let x be g(3). Is 3/x - (-547)/6 a prime number?
False
Let f be 1 + -1 - (-202)/2. Let o = f - 217. Let v = o - -243. Is v a prime number?
True
Let w = -18 + 24. Suppose w*g = 3*g + 4*x + 1499, 996 = 2*g - 2*x. Is g a prime number?
False
Suppose 4*r + 11 = -25. Let m = r + 40. Is m prime?
True
Let f(k) = k**3 + k**2 - 4*k + 3. Let a = -6 + 8. Let p be f(a). Let b(u) = u**3 - 8*u**2 + 7*u + 9. Is b(p) composite?
True
Suppose 0*z - 5*n - 3882 = -2*z, n = -4*z + 7764. Is z composite?
True
Suppose -3 = 3*w - n, -12 = -0*n - 4*n. Suppose w = -2*y + 2*s + 836, 3*y + 2*s = -3*s + 1214. Is y a prime number?
False
Let z(a) be the third derivative of a**2 + 1/3*a**4 - a**3 + 0 + 0*a - 1/60*a**5. Is z(5) a prime number?
False
Suppose 2*h = -2*h + 12. Suppose 10 = -h*i + 205. Is i a prime number?
False
Let n(r) be the second derivative of -r**5/20 + r**4/3 + r**3 + 2*r. Let j be n(5). Suppose -y - 5*k = -42, 4*y - 186 = 3*k - j*k. Is y a prime number?
True
Let j = 1324 + 1803. Is j prime?
False
Let x(a) = 5 + 2*a**2 + 5*a + a**2 - a**3 - 4 + 1. Let y be x(5). Let l = y - -42. Is l prime?
True
Let i be 6/(7 - 4) - 0. Suppose -y + i*j = -205, -3*j + j - 1049 = -5*y. Is y composite?
False
Suppose 0 = -8*g + 4*g + 4*l + 776, 2*l = -5*g + 956. Let q = 269 - g. Suppose -a = -5*n - q, 0 = 5*a - n + 154 - 491. Is a prime?
True
Let w(f) = -f + 449. Is w(0) a prime number?
True
Let a(m) = -4*m**3 - 7*m**2 - 5*m + 2. Let d be ((-3)/2)/((-3)/(-8)). Let l be a(d). Suppose n + n - l = 0. Is n a composite number?
False
Let l(b) = 2*b**3 - 5*b**2 - 2. Is l(12) prime?
False
Let v(t) = -8*t**2 - t**3 - 3 + 0*t**2 + 2*t**2 + 4. Let k be v(-6). Is 2/(-3*k/(-21)) a composite number?
True
Suppose -2*g = 3*g - 40. Suppose 3*w + 4 + g = 0, 0 = -2*h - 2*w + 234. Is h composite?
True
Suppose 12 = 3*b, -4*v + 6236 = 2*b - 6*b. Is v composite?
True
Let j(c) = -9*c**3 + c**2 - c - 4. Is j(-2) a composite number?
True
Let s be ((-2)/(-6))/((-3)/(-27)). Suppose 8 = 4*a, -r - s*r - 4*a = 76. Let l = -12 - r. Is l a composite number?
True
Is 1/(((-2)/(-1))/44) - 3 prime?
True
Let y = -1 - -4. Suppose -123 = y*t + c - 2*c, 5*c + 145 = -4*t. Let j = -26 - t. Is j a prime number?
False
Is 10/65 + 28000/13 + 1 composite?
True
Let b = -5 - -7. Suppose -b + 22 = x - 5*a, x + 4*a = -7. Suppose 0 = x*j - 101 - 174. Is j prime?
False
Suppose 5*g = 2*g + 1599. Is g a composite number?
True
Let z(p) = -73*p + 1. Suppose 6*y + 20 = y. Is z(y) composite?
False
Let b = 406 - 190. Let v = 11 - -20. Suppose -5*c - v = -b. Is c a composite number?
False
Let v be (-95)/(-57) - 1/(-3). Suppose -4*w - 5*i = -1152, 5*i + 385 + 221 = v*w. Is w a prime number?
True
Let r = 9494 - 4221. Is r composite?
False
Let h(b) = b**3 + 12*b**2 - 6*b + 18. Is h(-11) composite?
True
Suppose -5*g - 2*d = -263, -d = -0*g - 4*g + 213. Is g composite?
False
Let v(c) = -13*c + 8. Let f(q) = -14*q + 9. Let n(x) = 5*f(x) - 6*v(x). Is n(5) a prime number?
True
Let m = 2 + 0. Suppose -1 - m = -w. Suppose 5*n = -2*x + 492 - 99, w*n = -2*x + 239. Is n composite?
True
Let z = 258 + -725. Let b = 658 + z. Is b a prime number?
True
Suppose 5*g = -4*f + 864, -g - 585 = -2*f - 167. Is f a prime number?
True
Let a(h) be the first derivative of -4*h**2 + 4*h + h**2 + 0*h**2 - 1. Is a(-5) a prime number?
False
Let l be (2/4)/((-2)/(-4)). Let v be 3 + -1 + 0/l. Suppose 5*a = g + 17, 0 = -a - 4*g + v - 7. Is a prime?
True
Suppose 3*f = 3*b - b + 1342, 4*f = b + 1781. Suppose -3*i + 2*x + 333 = -0*x, -4*i + x + f = 0. Is (-2)/((-117)/i + 1) prime?
True
Suppose 4*w - 3815 + 1227 = 0. Suppose -l + 60 + w = 0. Is l a prime number?
False
Let o be -5*(-8)/5*1. Let v(c) = c**2 - 9*c + 8. Let j be v(o). Is 1/(j + (-1)/(-53)) a prime number?
True
Let s be 0 - ((1 - 0) + -1). Suppose j - 55 = 5*r, 2*j - 3*r - 61 = j. Suppose s = -q - q + j. Is q prime?
False
Is (-5 + 3)/((-6)/2694) a composite number?
True
Suppose -y - l - 5 = -4*l, 4*y = 4*l + 4. Suppose 2*w = -3*u + 4*w + 380, 0 = -5*u - y*w + 670. Suppose 4*m + u = 3*x - 17, -2*x + m + 98 = 0. Is x prime?
False
Let p be -3 - ((-3)/3 - 2). Suppose p*s - 26 = -s. Is s a composite number?
True
Let a(h) = 6 + 2*h + 2*h**2 + 9 - 4 - h**2. Is a(10) prime?
True
Let o(w) = 19*w**2 - 2. Suppose 2*y + 4*l = -10, y = 2*y - 4*l - 1. Is o(y) composite?
True
Let q(y) = y**2 + 4*y + 3. Let z be q(-5). Suppose 68 = 4*j - 4*x, -z = -5*x + 12. Suppose 0 = 2*u + 2*l + j - 89, 2*u - 4*l = 86. Is u a composite number?
False
Let v = 1407 - 887. Suppose 0 = -3*o + 623 + v. Is o composite?
True
Suppose 5*a - 3*l = 6604, 5*l + 1079 + 2893 = 3*a. Is a composite?
False
Suppose -4*a + a = -9. Suppose -2*c + m = 9, 6*m - 3*m = a*c + 21. Is (2/c)/(1/(-47)) a prime number?
True
Let n = -20 - -34. Let p = n + -9. Let b(r) = 6*r - 7. Is b(p) prime?
True
Let h be ((-27)/6)/(3/4). Let z be (-3*(-68)/h)/1. Let o = 83 + z. Is o composite?
True
Let g = -218 - -328. Suppose -g = 2*y - 3*y. Suppose -5 = 5*k - y. Is k prime?
False
Let s(u) = 3*u - 16. Let i be s(7). Suppose -i*v + 4*v + 141 = 0. Is v composite?
True
Suppose 3*z - 1273 = -4*a, 11*z - 6*z = -a + 331. Suppose -5*t - 35 = -5*o, -4*o + 2*t = 5 - 23. Suppose 0 = 6*m - o*m - a. Is m prime?
True
Is 2 - 6 - (-12 + -1931) a composite number?
True
Let o(i) = i**2 + 8*i. Let z be o(-8). Suppose 4*b - 39 - 25 = z. Suppose -3*t = b - 181. Is t a composite number?
True
Let x = 207 + 116. Is x composite?
True
Let p = 1117 + -198. Is p a prime number?
True
Let l = -1621 - -3594. Is l prime?
True
Let c = -997 - -1904. Is c composite?
False
Let a(y) be the third derivative of 0 - 1/60*y**5 + 4*y**2 - 1/12*y**4 + 1/24*y**6 + 1/6*y**3 + 0*y. Is a(3) composite?
True
Let b(f) = f - 5. Is b(14) composite?
True
Let b = -166 - -1551. Is b a composite number?
True
Suppose 0 = -6*o - 9 + 591. Is o prime?
True
Is 15203/9 - (-3)/((-54)/4) a composite number?
True
Suppose 5*l - 615 = -5*g, -g + 4*l = 4*g - 651. Let y(b) = 11*b - 2. Let x be y(4). Let v = g - x. Is v prime?
False
Is 1/6 + 1762*(-13)/(-12) a composite number?
True
Suppose -2*p - 6 - 3 = -3*l, 5*p + l = -14. Let g be (-5 - p)*(-202)/(-4). Is g/(-4) - 1/4 a composite n